e prime factors of 19860066?
2, 3, 43, 2851
List the prime factors of 36385894.
2, 29, 317, 1979
List the prime factors of 5218195061.
5218195061
What are the prime factors of 2013497989?
2013497989
List the prime factors of 621250436.
2, 229, 678221
What are the prime factors of 342158598?
2, 3, 859, 22129
What are the prime factors of 5164733?
7, 737819
List the prime factors of 90831957.
3, 431, 70249
What are the prime factors of 1563685447?
53, 271, 108869
List the prime factors of 298728412.
2, 19, 3930637
List the prime factors of 27306550.
2, 5, 139, 3929
What are the prime factors of 320955912?
2, 3, 193, 7699
List the prime factors of 19415949.
3, 7, 541, 1709
What are the prime factors of 73515777?
3, 24505259
List the prime factors of 307136971.
179, 1715849
What are the prime factors of 948985858?
2, 71, 6682999
What are the prime factors of 100178250?
2, 3, 5, 133571
List the prime factors of 97456113.
3, 37, 292661
List the prime factors of 988656125.
5, 163, 48523
What are the prime factors of 230122476?
2, 3, 127, 50333
What are the prime factors of 125607261?
3, 13, 3220699
List the prime factors of 55873987.
13, 61, 70459
List the prime factors of 487578315.
3, 5, 7, 73, 63611
List the prime factors of 1520722416.
2, 3, 29, 1092473
List the prime factors of 29531419.
29531419
What are the prime factors of 21503569?
43, 500083
List the prime factors of 375371259.
3, 125123753
List the prime factors of 375825265.
5, 75165053
List the prime factors of 245496253.
151, 1625803
What are the prime factors of 7280211?
3, 19, 337, 379
What are the prime factors of 1502685472?
2, 46958921
What are the prime factors of 174767003?
109, 167, 9601
What are the prime factors of 780863667?
3, 397, 655637
What are the prime factors of 1228576957?
2273, 540509
What are the prime factors of 87387431?
937, 93263
What are the prime factors of 83883511?
383, 219017
What are the prime factors of 2947667175?
3, 5, 1277, 10259
What are the prime factors of 858209068?
2, 4691, 45737
List the prime factors of 6418253.
6418253
List the prime factors of 139139083.
941, 147863
List the prime factors of 2302182154.
2, 1151091077
List the prime factors of 4076434160.
2, 5, 50955427
List the prime factors of 794293056.
2, 3, 373, 3697
List the prime factors of 189124075.
5, 7, 154387
List the prime factors of 1264140593.
25031, 50503
List the prime factors of 1246733277.
3, 415577759
What are the prime factors of 356506549?
7, 71, 717317
List the prime factors of 5810191256.
2, 269, 2699903
List the prime factors of 1089905714.
2, 661, 824437
What are the prime factors of 595956647?
11, 13, 373, 11173
What are the prime factors of 2028366797?
31, 65431187
What are the prime factors of 2109279427?
587, 3593321
What are the prime factors of 80910981?
3, 110989
What are the prime factors of 4543172?
2, 409, 2777
List the prime factors of 3344761137.
3, 1114920379
List the prime factors of 10052824.
2, 19, 66137
What are the prime factors of 5069269841?
37, 421, 773
What are the prime factors of 62997993?
3, 103, 839
List the prime factors of 32585817.
3, 11, 19, 51971
What are the prime factors of 163179103?
53, 67, 45953
List the prime factors of 115357897.
37, 3117781
List the prime factors of 162423739.
809, 200771
What are the prime factors of 1185034876?
2, 47, 6303377
List the prime factors of 25764256.
2, 7, 115019
List the prime factors of 14048987.
17, 826411
List the prime factors of 485654096.
2, 17, 127, 827
What are the prime factors of 50313435?
3, 5, 1721, 1949
List the prime factors of 61679301.
3, 19, 1082093
List the prime factors of 507630459.
3, 7, 2741, 8819
What are the prime factors of 6802917?
3, 11, 23, 8963
What are the prime factors of 864951521?
7, 523, 236261
What are the prime factors of 251072086?
2, 139, 691, 1307
What are the prime factors of 385608290?
2, 5, 38560829
What are the prime factors of 321500682?
2, 3, 17861149
What are the prime factors of 1727549353?
1727549353
What are the prime factors of 459445841?
43, 2887, 3701
List the prime factors of 256662069.
3, 85554023
List the prime factors of 3962642893.
11, 9791, 36793
List the prime factors of 509981311.
7, 72854473
What are the prime factors of 126970733?
3067, 41399
List the prime factors of 36136602.
2, 3, 2007589
List the prime factors of 58863785.
5, 23, 511859
List the prime factors of 25841446.
2, 47, 274909
What are the prime factors of 3190222852?
2, 53, 15048221
What are the prime factors of 772438199?
13, 769, 77267
List the prime factors of 108529337.
7, 41, 378151
List the prime factors of 4403360619.
3, 7, 69894613
What are the prime factors of 540086679?
3, 11, 1427, 3823
List the prime factors of 72696180.
2, 3, 5, 1211603
List the prime factors of 694022872.
2, 86752859
List the prime factors of 407353351.
181, 359, 6269
List the prime factors of 750157305.
3, 5, 23, 397, 5477
List the prime factors of 2229747887.
2229747887
What are the prime factors of 58775248?
2, 7, 509, 1031
What are the prime factors of 27435527?
7, 23, 31, 239
List the prime factors of 822218179.
19, 29, 43, 34703
List the prime factors of 199060974.
2, 3, 7, 457, 3457
List the prime factors of 37098976.
2, 617, 1879
List the prime factors of 23720359.
13, 271, 6733
List the prime factors of 147922995.
3, 5, 11, 853, 1051
What are the prime factors of 1398250829?
97, 2269, 6353
List the prime factors of 1964624187.
3, 19, 37, 931543
What are the prime factors of 97110776?
2, 7, 1734121
What are the prime factors of 16697302?
2, 8348651
List the prime factors of 48949754.
2, 7, 491, 7121
List the prime factors of 6214942199.
19, 327102221
List the prime factors of 81483216.
2, 3, 137, 12391
List the prime factors of 169816645.
5, 33963329
List the prime factors of 329333224.
2, 11, 593, 6311
List the prime factors of 49824182.
2, 24912091
List the prime factors of 5705335323.
3, 633926147
List the prime factors of 148516756.
2, 67, 554167
What are the prime factors of 462163142?
2, 7, 33011653
List the prime factors of 1901737328.
2, 118858583
List the prime factors of 64049572.
2, 23, 743, 937
What are the prime factors of 195873848?
2, 24484231
List the prime factors of 10505096.
2, 7, 149, 1259
What are the prime factors of 268985664?
2, 3, 155663
List the prime factors of 196117311.
3, 13, 5028649
What are the prime factors of 146386391?
149, 367, 2677
List the prime factors of 114434035.
5, 823, 27809
What are the prime factors of 64798794?
2, 3, 3599933
List the prime factors of 148979644.
2, 11, 139, 24359
What are the prime factors of 1248396242?
2, 569, 1097009
List the prime factors of 192134057.
269, 439, 1627
List the prime factors of 53576114.
2, 26788057
List the prime factors of 493123701.
3, 7, 19, 176557
What are the prime factors of 26618513?
26618513
List the prime factors of 1211228699.
17, 71248747
List the prime factors of 2725413068.
2, 7, 5113, 19037
List the prime factors of 193304214.
2, 3, 19, 389, 1453
What are the prime factors of 133485106?
2, 109, 612317
What are the prime factors of 2441884824?
2, 3, 71, 477677
List the prime factors of 1451933380.
2, 5, 72596669
List the prime factors of 3317120664.
2, 3, 11, 13, 966527
What are the prime factors of 246758902?
2, 13, 2293, 4139
What are the prime factors of 1112245711?
1112245711
List the prime factors of 709004202.
2, 3, 118167367
List the prime factors of 2481881.
17, 67, 2179
What are the prime factors of 323125642?
2, 7, 79, 292157
List the prime factors of 971624.
2, 121453
List the prime factors of 81374508.
2, 3, 2260403
List the prime factors of 110017623.
3, 36672541
What are the prime factors of 130702728?
2, 3, 13, 251, 1669
List the prime factors of 89219312.
2, 7, 13, 29, 2113
What are the prime factors of 537291251?
7, 76755893
What are the prime factors of 147251560?
2, 5, 29, 61, 2081
What are the prime factors of 4759964228?
2, 1189991057
List the prime factors of 444681767.
17, 163, 383, 419
What are the prime factors of 8159533249?
7, 79, 14755033
What are the prime factors of 372452715?
3, 5, 457, 6037
What are the prime factors of 1046175832?
2, 13, 10059383
What are the prime factors of 214797509?
157, 1031, 1327
List the prime factors of 116668718.
2, 43, 103, 13171